divisor of 116 and 145.
29
Calculate the greatest common factor of 1169 and 7.
7
What is the greatest common factor of 19 and 13281?
19
Calculate the greatest common factor of 17 and 901.
17
Calculate the greatest common divisor of 12 and 8100.
12
What is the greatest common factor of 259 and 7?
7
What is the greatest common divisor of 1802 and 136?
34
What is the highest common divisor of 812 and 76?
4
Calculate the highest common factor of 14 and 36862.
14
What is the greatest common divisor of 1216 and 836?
76
What is the greatest common factor of 77 and 77?
77
What is the greatest common divisor of 66 and 11319?
33
Calculate the highest common factor of 50 and 9550.
50
Calculate the greatest common divisor of 81 and 72.
9
What is the greatest common divisor of 112 and 280?
56
Calculate the highest common divisor of 259 and 14.
7
Calculate the greatest common divisor of 4176 and 240.
48
Calculate the greatest common divisor of 217 and 186.
31
Calculate the highest common factor of 384 and 6672.
48
Calculate the greatest common divisor of 3926 and 26.
26
What is the greatest common divisor of 222 and 370?
74
What is the greatest common factor of 8 and 54?
2
Calculate the highest common divisor of 3920 and 95.
5
Calculate the highest common divisor of 5589 and 162.
81
Calculate the greatest common factor of 136 and 14824.
136
Calculate the greatest common factor of 2163 and 2472.
309
Calculate the highest common divisor of 1125 and 585.
45
What is the highest common divisor of 310 and 320?
10
What is the greatest common factor of 2720 and 7820?
340
What is the greatest common factor of 5291 and 111?
37
What is the highest common divisor of 8 and 14?
2
What is the greatest common factor of 1081 and 46?
23
Calculate the greatest common divisor of 468 and 52.
52
Calculate the highest common divisor of 616 and 2156.
308
What is the greatest common divisor of 640 and 3968?
128
Calculate the highest common factor of 294 and 4214.
98
What is the highest common factor of 1240 and 15?
5
Calculate the highest common factor of 13199 and 67.
67
What is the highest common factor of 33 and 5973?
33
Calculate the highest common divisor of 70 and 17990.
70
What is the highest common divisor of 6 and 366?
6
Calculate the highest common factor of 52 and 286.
26
What is the highest common factor of 4104 and 36?
36
What is the highest common factor of 15 and 165?
15
Calculate the greatest common divisor of 525 and 14.
7
What is the highest common divisor of 1670 and 50?
10
Calculate the greatest common divisor of 56 and 16.
8
What is the highest common factor of 512 and 64?
64
What is the highest common divisor of 1027 and 79?
79
Calculate the highest common divisor of 10 and 2.
2
What is the highest common factor of 111 and 9?
3
What is the highest common factor of 2 and 41?
1
What is the highest common factor of 1340 and 20?
20
What is the highest common factor of 40 and 72?
8
What is the highest common divisor of 16 and 112?
16
Calculate the greatest common factor of 4103 and 11.
11
Calculate the greatest common divisor of 68017 and 17.
17
Calculate the greatest common factor of 1258 and 68.
34
What is the highest common factor of 833 and 1190?
119
What is the greatest common factor of 340 and 68?
68
What is the highest common factor of 102 and 68?
34
Calculate the highest common factor of 975 and 26.
13
What is the greatest common divisor of 28 and 92?
4
Calculate the greatest common factor of 132 and 3190.
22
Calculate the greatest common divisor of 8 and 648.
8
What is the greatest common divisor of 50 and 2?
2
Calculate the greatest common factor of 279 and 2.
1
What is the highest common divisor of 5 and 680?
5
Calculate the highest common factor of 13 and 26.
13
What is the greatest common divisor of 1539 and 399?
57
Calculate the highest common factor of 322 and 14.
14
What is the greatest common divisor of 98 and 147?
49
Calculate the highest common divisor of 48 and 408.
24
What is the highest common factor of 8 and 84?
4
Calculate the greatest common factor of 3166 and 2.
2
Calculate the greatest common divisor of 4 and 3844.
4
What is the highest common divisor of 767 and 531?
59
Calculate the greatest common divisor of 3685 and 134.
67
Calculate the greatest common factor of 328 and 82.
82
Calculate the highest common divisor of 41 and 3649.
41
What is the greatest common divisor of 25 and 800?
25
What is the highest common divisor of 12 and 184?
4
Calculate the greatest common divisor of 80 and 288.
16
What is the highest common factor of 88 and 400?
8
Calculate the highest common divisor of 6 and 75.
3
Calculate the highest common factor of 325 and 221.
13
What is the greatest common divisor of 240 and 880?
80
Calculate the greatest common divisor of 22 and 18238.
22
What is the highest common divisor of 138 and 184?
46
Calculate the highest common divisor of 36 and 564.
12
Calculate the greatest common factor of 70 and 735.
35
Calculate the greatest common divisor of 4521 and 33.
33
What is the greatest common divisor of 140 and 60?
20
Calculate the highest common divisor of 671 and 11.
11
Calculate the highest common factor of 9526 and 22.
22
What is the greatest common divisor of 117 and 117?
117
What is the greatest common factor of 98 and 3871?
49
Calculate the highest common factor of 1118 and 86.
86
Calculate the highest common factor of 14 and 14.
14
What is the highest common divisor of 5 and 45?
5
Calculate the highest common divisor of 1064 and 6650.
266
What is the greatest common factor of 1 and 6?
1
Calculate the greatest common divisor of 868 and 224.
28
What is the greatest common factor of 573 and 20437?
191
Calculate the highest common factor of 172 and 602.
86
What is the greatest common divisor of 58 and 6206?
58
Calculate the greatest common factor of 2 and 18.
2
Calculate the greatest common factor of 1175 and 141.
47
What is the greatest common factor of 119 and 77?
7
What is the highest common factor of 96 and 1600?
32
Calculate the greatest common divisor of 4 and 268.
4
What is the greatest common factor of 6226 and 88?
22
What is the greatest common factor of 3 and 2?
1
What is the greatest common divisor of 1944 and 8?
8
What is the highest common divisor of 154 and 25322?
22
Calculate the highest common factor of 720 and 15390.
90
Calculate the highest common divisor of 40 and 6.
2
What is the greatest common divisor of 621 and 2254?
23
What is the greatest common factor of 24129 and 7?
7
What is the highest common factor of 8 and 11432?
8
What is the highest common factor of 24 and 324?
12
Calculate the highest common divisor of 180 and 27.
9
Calculate the highest common divisor of 58 and 18212.
58
What is the greatest common factor of 12 and 1068?
12
Calculate the greatest common factor of 1100 and 176.
44
Calculate the highest common divisor of 6 and 78.
6
What is the greatest common factor of 506 and 1702?
46
Calculate the greatest common factor of 637 and 21.
7
Calculate the highest common divisor of 13 and 143.
13
What is the greatest common factor of 400 and 150?
50
What is the highest common factor of 155 and 124?
31
What is the highest common divisor of 965 and 7334?
193
What is the greatest common factor of 1 and 67?
1
What is the highest common factor of 129 and 3?
3
What is the highest common factor of 267 and 15?
3
Calculate the greatest common factor of 1204 and 5246.
86
What is the greatest common divisor of 146 and 7738?
146
Calculate the highest common divisor of 3033 and 9.
9
What is the greatest common divisor of 41097 and 309?
309
Calculate the highest common divisor of 108 and 126.
18
What is the greatest common divisor of 201 and 27939?
201
What is the highest common factor of 1100 and 1804?
44
What is the greatest common divisor of 24 and 94920?
24
What is the greatest common divisor of 30 and 285?
15
What is the highest common divisor of 30 and 4695?
15
What is the greatest common factor of 24 and 7500?
12
What is the greatest common factor of 339 and 23956?
113
Calculate the greatest common divisor of 180 and 10980.
180
What is the greatest common divisor of 80 and 2704?
16
What is the highest common factor of 23 and 368?
23
What is the greatest common factor of 1000 and 10?
10
What is t